 -l**2 - 6*l + 14. Give i(2).
-2
Let u(n) = -29*n**2 + 3*n + 4. What is u(2)?
-106
Let v(j) = -11*j - 20. Determine v(-9).
79
Let g(f) = 9*f + 1. Determine g(3).
28
Let m(z) = z**2 + 24*z - 198. Calculate m(6).
-18
Let v(p) = 3*p**2 - 83*p - 15. Determine v(28).
13
Let k(h) = -49*h**2 + h + 1. Determine k(-1).
-49
Let c(d) = -d**2 + 2*d - 1. Calculate c(3).
-4
Let l(s) = 2*s + 2. Give l(3).
8
Let k(o) = o**2 + 12*o - 15. Calculate k(-14).
13
Let t(s) = -s**3 + 5*s**2 + 9*s - 9. Determine t(6).
9
Let o(z) = -z**2 + 6*z + 6. What is o(-7)?
-85
Let n(h) = -h**3 + 7*h**2 - 9*h + 1. Determine n(5).
6
Let q(p) = 2*p + 21. Determine q(-15).
-9
Let j(k) = -k**3 - k**2 - 12*k - 23. Give j(-2).
5
Let x(y) = -y + 33. Give x(28).
5
Let j(f) = f. Calculate j(10).
10
Let j(g) = -15*g + 401. Calculate j(29).
-34
Let c(h) = -h**3 + h**2 + h + 2. What is c(0)?
2
Let i(g) = -2*g + 6. Give i(-2).
10
Let i(q) = 3*q + 13. Calculate i(9).
40
Let k(h) = -2*h**3 + 11*h**2 + 6*h - 7. Calculate k(6).
-7
Let g(j) = j**2 + j - 5. Determine g(3).
7
Let c(q) = q**2 + 5*q - 8. Calculate c(-7).
6
Let u(c) = 2*c**3 - 3*c**2 - 9*c + 4. Determine u(5).
134
Let t(r) = 8*r - 1. Determine t(5).
39
Let i(t) = -7*t + 61. Calculate i(8).
5
Let a(c) = -c**3 - 14*c**2 - c + 17. What is a(-14)?
31
Let l(v) = -v**2 + 20*v - 59. What is l(16)?
5
Let a(o) = -o**3 - 15*o**2 + 23*o + 96. Determine a(-16).
-16
Let q(r) = -3*r - 11. Calculate q(-10).
19
Let l(w) = w**2 + 9*w + 9. Determine l(-8).
1
Let o(h) = h**2 - 41*h + 265. Give o(33).
1
Let u(j) = -j**2 - 3*j + 10. Calculate u(-6).
-8
Let r(t) = 10*t**2 + 3*t - 6. Calculate r(1).
7
Let d(h) = h**3 - 6*h**2 + 6*h + 3. Give d(5).
8
Let a(n) = 48*n - 111. What is a(2)?
-15
Let z(o) = o + 11. Determine z(-4).
7
Let n(u) = u**2 + 21*u + 103. Give n(-13).
-1
Let v(d) = d**3 + d**2 - 4*d + 2. Give v(3).
26
Let s(u) = -u**2 + 6*u + 5. Give s(5).
10
Let g(r) = 2*r**3 - 2*r**2 - 2*r - 4. Determine g(-3).
-70
Let t(h) = h**2 - 10*h + 5. What is t(8)?
-11
Let p(w) = -5*w + 92. Determine p(20).
-8
Let p(h) = h**3 - 11*h**2 + 2*h - 28. What is p(11)?
-6
Let s(p) = 48*p + 7. What is s(0)?
7
Let q(y) = 2*y**3 + y**2 - y. Determine q(0).
0
Let z(s) = -s**3 - 8*s**2 - 17*s + 19. Calculate z(-6).
49
Let x(z) = 17*z - 109. Give x(7).
10
Let u(k) = -2*k + 8. What is u(3)?
2
Let p(g) = -2*g**2 + 16*g - 26. Determine p(5).
4
Let u(v) = -v**3 - 2*v**2 + 2*v - 4. What is u(0)?
-4
Let w(y) = y - 13. What is w(8)?
-5
Let f(z) = -9*z - 9. What is f(10)?
-99
Let x(h) = 6*h**3 + 42*h**2 - 5*h - 12. Determine x(-7).
23
Let u(x) = -2*x + 11. What is u(6)?
-1
Let w(d) = -d - 7. Determine w(-1).
-6
Let m(b) = -b**3 - 13*b**2 - 4. What is m(-13)?
-4
Let g(t) = -t**3 + 13*t**2 + 13*t + 14. What is g(14)?
0
Let p(l) = -13*l - 8. Give p(0).
-8
Let q(n) = -n**3 - 13*n**2 - 4*n - 14. Give q(-12).
-110
Let p(j) = -j**2 + 5*j + 1. Calculate p(6).
-5
Let k(m) = -m - 12. Give k(-20).
8
Let d(n) = -5*n + 40. Calculate d(5).
15
Let a(j) = 5*j - 114. What is a(24)?
6
Let y(s) = 7*s - 92. Calculate y(12).
-8
Let i(b) = b**2 + 12*b + 20. Give i(-9).
-7
Let a(w) = 25*w**3 - 2*w - 1. Determine a(-1).
-24
Let w(q) = q**3 + 9*q**2 + 2*q - 3. What is w(-9)?
-21
Let v(w) = w**3 + 23*w**2 - 9*w - 200. Determine v(-23).
7
Let x(o) = -o**2 - 21*o - 17. Calculate x(-18).
37
Let l(m) = 64*m**2 + m - 1. What is l(1)?
64
Let l(u) = -3*u**2 + 23*u - 48. What is l(5)?
-8
Let w(j) = j**2 + 36*j - 3. What is w(-36)?
-3
Let n(v) = -12*v + 9. Calculate n(-6).
81
Let w(m) = 14*m - 34. Determine w(4).
22
Let x(g) = -g**2 + 11*g - 24. Give x(7).
4
Let h(t) = t + 37. Give h(-26).
11
Let g(v) = 3*v - 3. Determine g(8).
21
Let z(h) = -h**3 - h**2 + 7*h - 3. Give z(-5).
62
Let q(f) = f**3 + 34*f**2 - 74*f - 72. What is q(-36)?
0
Let a(k) = k**2 + 30*k - 6. Determine a(-29).
-35
Let l(k) = k**3 + 5*k**2 + k - 5. Give l(-5).
-10
Let y(w) = -5*w - 3. Determine y(-7).
32
Let r(u) = -u**3 + 14*u**2 - 34*u + 16. What is r(11)?
5
Let x(j) = j**3 + 3*j**2 - 20*j - 12. What is x(-6)?
0
Let f(v) = v**2 - 15*v + 52. Determine f(12).
16
Let z(j) = -2*j - 37. Calculate z(-15).
-7
Let c(j) = -21*j - 33. Determine c(-2).
9
Let v(r) = r**3 + 7*r**2 + 10*r + 25. Calculate v(-6).
1
Let r(i) = -i**3 - 24*i**2 - 41*i + 48. What is r(-22)?
-18
Let m(j) = j**2 + 36*j - 289. What is m(-43)?
12
Let i(c) = c**3 - 3*c**2 - 2*c + 2. What is i(2)?
-6
Let w(b) = 18*b**3 - b + 1. Determine w(1).
18
Let n(i) = -i**3 - 2*i**2 + 11*i + 2. What is n(-5)?
22
Let t(b) = -6*b**2 + 13*b - 14. Calculate t(5).
-99
Let c(n) = 14*n + 3. Determine c(-4).
-53
Let m(f) = -f**3 + 2*f - 1. Determine m(0).
-1
Let u(s) = 13*s**2 + 3*s + 2. Determine u(-1).
12
Let q(d) = 3*d - 35. What is q(9)?
-8
Let l(s) = s**2 + 5*s + 9. What is l(-5)?
9
Let n(s) = -6*s - 89. Give n(-18).
19
Let l(o) = -o**3 + 2*o**2 + 46*o - 12. Determine l(-6).
0
Let g(l) = -l**2 + 8*l - 5. What is g(4)?
11
Let l(c) = -40*c + 20. Determine l(1).
-20
Let q(i) = -10*i - 1. Give q(7).
-71
Let p(j) = -j**3 - 17*j**2 + 20*j - 71. Calculate p(-18).
-107
Let m(c) = -2*c**3 - 7*c**2 - 4*c - 5. Determine m(-2).
-9
Let d(m) = -m**3 + 10*m**2 - 8*m + 4. Determine d(9).
13
Let y(i) = -3*i + 3. Calculate y(6).
-15
Let i(z) = -z**2 - 23*z - 70. What is i(-18)?
20
Let q(m) = 2*m**2 - 7*m + 17. What is q(7)?
66
Let r(f) = -f**2 - 12*f + 1. What is r(-10)?
21
Let n(i) = i**3 - 4*i**2 + i + 6. What is n(5)?
36
Let y(a) = -9*a - 50. Calculate y(-5).
-5
Let q(o) = -o**2 - 2*o + 7. Determine q(-5).
-8
Let p(a) = 2*a**2 - a - 6. Calculate p(0).
-6
Let r(o) = -9*o**3 + o**2 - 3*o + 3. Determine r(2).
-71
Let k(u) = -u**2 - 21*u - 20. What is k(-26)?
-150
Let z(w) = -w**3 + 9*w**2 - 11*w - 13. Determine z(7).
8
Let h(b) = -b**3 + 5*b**2 + 5*b - 1. Calculate h(6).
-7
Let h(s) = -9*s + 187. Give h(22).
-11
Let c(p) = -p**3 + p**2 + 4*p - 5. Determine c(2).
-1
Let b(t) = -29*t - 288. Determine b(-10).
2
Let f(q) = q + 10. Give f(-6).
4
Let g(r) = r**2 - 13*r + 7. Give g(6).
-35
Let s(q) = 5*q + 141. Give s(-30).
-9
Let z(r) = -20*r**3 - 2*r + 1. Give z(1).
-21
Let r(u) = -2*u**2 + 4*u - 9. Calculate r(3).
-15
Let j(z) = z**2 + 3*z - 28. Calculate j(-7).
0
Let j(x) = 15*x + 22. Determine j(-9).
-113
Let a(j) = j**2 + 11*j + 7. Give a(-11).
7
Let n(y) = y**2 + 5*y - 18. Give n(-7).
-4
Let v(g) = -g**2 - g - 18. Determine v(0).
-18
Let m(q) = q**2 - 9*q + 6. Determine m(7).
-8
Let o(q) = -q + 18. What is o(-4)?
22
Let b(o) = o + 11. Give b(-14).
-3
Let i(t) = -18*t + 426. Determine i(23).
12
Let b(x) = x**3 + 8*x**2 + 10*x + 6. Give b(-7).
-15
Let s(j) = j**2 - 12*j + 13. Calculate s(10).
-7
Let g(l) = -l**3 - 23*l**2 - 24*l - 48. Give g(-22).
-4
Let d(n) = -35*n. What is d(3)?
-105
Let j(b) = -2*b**2 - 17*b + 59. Calculate j(3).
-10
Let h(x) = x**3 - 8*x**2 + 4*x + 5. Determine h(4).
-43
Let o(f) = 13*f - 138. Determine o(10).
-8
Let p(q) = 10*q - 29. Calculate p(0).
-29
Let z(j) = 3*j + 13. What is z(-11)?
-20
Let d(s) = -s + 3. Determine d(-15).
18
Let a(o) = 15*o + 28. What is a(8)?
148
Let p(q) = q**3 - 4*q**2 + 2. Determine p(3).
-7
Let c(w) = w**2 + 18*w + 58. Calculate c(-7).
-19
Let f(b) = 2*b - 36. What is f(13)?
-10
Let k(u) = -u + 30. Calculate k(28).
2
Let r(t) = t**3 - 5*t - 5. Calculate r(-2).
-3
Let q(k) = k**3 + 8*k**2 - k - 6. Determine q(-8).
2
Let f(j) = -7*j - 168. What is f(-25)?
7
Let j(s) = -s**3 + 6*s**2 + 5*s - 26. Calculate j(6).
4
Let j(k) = k**2 - 5*k - 5. Give j(9).
31
Let f(a) = -5*a + 5. Calculate f(5).
-20
Let p(s) = s**3 - 10*s**2 + 7*s + 14. Calculate p(8).
-58
Let o(i) = 7*i - 225. What is o(33)?
6
Let c(a) = a**2 + 10*a + 14. Give c(-9).
5
Let s(h) = 3*h - 32. Calculate s(13).
7
Let g(d) = d**3 + 2*d**2 + 2*d. Give g(-2).
-4
Let z(d) = d**3 + 3*d**2 + d + 5. Give z(0).
5
Let v(b) = b**2 - 6. Calculate v(-5).
19
Let k(m) = -m**3 - 11*m**2 - 10*m - 11. Determine k(-10).
-11
Let h(s) = s**2 - 13*s + 10. Give h(8).
-30
Let d(w) = w**3 - 42*w**2 + 40*w + 47. Calculate d(41).
6
Let m(l) = l + 64. What is m(-28)?
36
Let i(d) = d - 1. What is i(10)?
9
Let z(o) = -2*o**2 + 18*o - 18. What is z(1)?
-2
Let g(l) = l**2 + 36*l + 313. What is g(-14)?
5
Let c(v) = 2*v**2 - 6*v. Calculate c(-5).
80
Let a(w) = -4*w**2 + 8*w - 4. Calculate a(3).
-16
Let t(l) = l**3 + 6*l**2 + 15*l + 96. What is 